3
List the prime factors of 206726.
2, 13, 7951
List the prime factors of 1370621.
7, 103, 1901
List the prime factors of 672860.
2, 5, 17, 1979
What are the prime factors of 9660841?
9660841
List the prime factors of 19463627.
2239, 8693
List the prime factors of 19131311.
19131311
What are the prime factors of 757647?
3, 11, 2551
List the prime factors of 15118356.
2, 3, 11, 53, 2161
What are the prime factors of 170185?
5, 101, 337
What are the prime factors of 6674769?
3, 741641
List the prime factors of 153547.
233, 659
List the prime factors of 105916.
2, 26479
What are the prime factors of 3084552?
2, 3, 42841
What are the prime factors of 113457?
3, 59, 641
What are the prime factors of 3608652?
2, 3, 300721
List the prime factors of 17097854.
2, 8548927
List the prime factors of 416821.
416821
What are the prime factors of 943044?
2, 3, 89, 883
What are the prime factors of 585063?
3, 31, 233
What are the prime factors of 6761394?
2, 3, 41737
List the prime factors of 231075.
3, 5, 13, 79
List the prime factors of 2605919.
41, 63559
What are the prime factors of 2369698?
2, 17, 69697
List the prime factors of 27494279.
27494279
List the prime factors of 68807.
83, 829
What are the prime factors of 208532?
2, 37, 1409
What are the prime factors of 980009?
67, 14627
List the prime factors of 4908914.
2, 61, 40237
What are the prime factors of 118375?
5, 947
What are the prime factors of 35012705?
5, 7, 13, 10993
List the prime factors of 3879177.
3, 113, 11443
What are the prime factors of 2302609?
2302609
What are the prime factors of 643599?
3, 11, 197
What are the prime factors of 18299725?
5, 29, 43, 587
List the prime factors of 336722.
2, 31, 5431
List the prime factors of 2173129.
7, 310447
What are the prime factors of 7831498?
2, 163, 24023
List the prime factors of 132722.
2, 66361
List the prime factors of 581978.
2, 17, 17117
What are the prime factors of 24615359?
23, 1070233
What are the prime factors of 4160425?
5, 166417
List the prime factors of 460516.
2, 7, 16447
What are the prime factors of 12842885?
5, 11, 37, 6311
List the prime factors of 1353039.
3, 451013
What are the prime factors of 3337697?
11, 29, 10463
List the prime factors of 257726.
2, 7, 41, 449
What are the prime factors of 2505477?
3, 13, 17, 3779
List the prime factors of 39491.
17, 23, 101
List the prime factors of 364820.
2, 5, 17, 29, 37
List the prime factors of 7725285.
3, 5, 171673
List the prime factors of 2724760.
2, 5, 17, 4007
What are the prime factors of 80855?
5, 103, 157
What are the prime factors of 676906?
2, 17, 43, 463
What are the prime factors of 178275?
3, 5, 2377
What are the prime factors of 5003948?
2, 947, 1321
List the prime factors of 482650.
2, 5, 7, 197
What are the prime factors of 21795?
3, 5, 1453
What are the prime factors of 23750248?
2, 2968781
What are the prime factors of 2697639?
3, 7, 19, 6761
List the prime factors of 745987.
11, 73, 929
What are the prime factors of 398169?
3, 14747
What are the prime factors of 2145473?
11, 195043
What are the prime factors of 80321?
31, 2591
List the prime factors of 11135297.
11135297
List the prime factors of 5473136.
2, 342071
List the prime factors of 19148168.
2, 13, 184117
What are the prime factors of 404426?
2, 11, 31, 593
List the prime factors of 630255.
3, 5, 42017
What are the prime factors of 1502783?
17, 109, 811
List the prime factors of 857435.
5, 223, 769
List the prime factors of 199705.
5, 11, 3631
What are the prime factors of 27348417?
3, 31, 83, 1181
What are the prime factors of 2864561?
7, 229, 1787
List the prime factors of 594261.
3, 66029
List the prime factors of 184884.
2, 3, 7, 31, 71
What are the prime factors of 1678340?
2, 5, 31, 2707
List the prime factors of 499761.
3, 55529
What are the prime factors of 687181?
11, 179, 349
List the prime factors of 4292817.
3, 1430939
What are the prime factors of 739531?
13, 163, 349
What are the prime factors of 5177192?
2, 61, 103
What are the prime factors of 24102605?
5, 1721, 2801
List the prime factors of 29820.
2, 3, 5, 7, 71
List the prime factors of 450246.
2, 3, 75041
What are the prime factors of 725862?
2, 3, 120977
What are the prime factors of 6591830?
2, 5, 7, 94169
List the prime factors of 34785621.
3, 13, 17, 17489
List the prime factors of 1434154.
2, 17, 42181
What are the prime factors of 1018589?
11, 13, 17, 419
What are the prime factors of 2154623?
179, 12037
What are the prime factors of 5876442?
2, 3, 11, 13, 761
List the prime factors of 1841268.
2, 3, 11, 13, 29, 37
List the prime factors of 286049.
286049
List the prime factors of 1746509.
31, 53, 1063
List the prime factors of 127276.
2, 47, 677
What are the prime factors of 101494?
2, 31, 1637
What are the prime factors of 1602016?
2, 13, 3851
List the prime factors of 26726802.
2, 3, 37, 120391
What are the prime factors of 1744596?
2, 3, 7, 23, 43
List the prime factors of 908374.
2, 71, 6397
What are the prime factors of 90966?
2, 3, 15161
What are the prime factors of 144162?
2, 3, 8009
What are the prime factors of 28382925?
3, 5, 378439
What are the prime factors of 447765?
3, 5, 29851
What are the prime factors of 668163?
3, 283, 787
What are the prime factors of 386624?
2, 7, 863
What are the prime factors of 1382900?
2, 5, 13829
What are the prime factors of 75028?
2, 18757
List the prime factors of 11935849.
29, 67, 6143
List the prime factors of 6195048.
2, 3, 258127
What are the prime factors of 4473154?
2, 7, 319511
What are the prime factors of 5187047?
43, 71, 1699
What are the prime factors of 25181?
13, 149
List the prime factors of 2372568.
2, 3, 11, 19, 43
What are the prime factors of 4554861?
3, 17, 31, 43, 67
List the prime factors of 5052870.
2, 3, 5, 23, 2441
List the prime factors of 6083173.
19, 127, 2521
List the prime factors of 1680882.
2, 3, 7, 31, 1291
What are the prime factors of 402836?
2, 7, 14387
What are the prime factors of 1103164?
2, 17, 16223
What are the prime factors of 105001?
13, 41, 197
What are the prime factors of 2520044?
2, 53, 11887
What are the prime factors of 159031?
109, 1459
What are the prime factors of 714012?
2, 3, 13, 23, 199
List the prime factors of 883770.
2, 3, 5, 89, 331
What are the prime factors of 3635864?
2, 454483
List the prime factors of 386092.
2, 7, 13789
List the prime factors of 1089280.
2, 5, 23, 37
List the prime factors of 619482.
2, 3, 23, 67
List the prime factors of 475385.
5, 31, 3067
What are the prime factors of 8634331?
151, 211, 271
What are the prime factors of 184536?
2, 3, 11, 233
List the prime factors of 18449450.
2, 5, 23, 61, 263
What are the prime factors of 3563084?
2, 7, 53
What are the prime factors of 650893?
53, 12281
What are the prime factors of 54156?
2, 3, 4513
What are the prime factors of 339739?
19, 17881
List the prime factors of 1184942.
2, 11, 53861
List the prime factors of 283984.
2, 17749
What are the prime factors of 48995?
5, 41, 239
List the prime factors of 3860379.
3, 47659
What are the prime factors of 15607989?
3, 17, 102013
List the prime factors of 225882.
2, 3, 47, 89
What are the prime factors of 2801342?
2, 29, 48299
List the prime factors of 1691676.
2, 3, 7, 137
What are the prime factors of 4600779?
3, 1533593
What are the prime factors of 6987088?
2, 436693
What are the prime factors of 218359?
59, 3701
List the prime factors of 348349.
101, 3449
List the prime factors of 593156.
2, 257, 577
What are the prime factors of 25378?
2, 12689
What are the prime factors of 4145901?
3, 1381967
List the prime factors of 1826991.
3, 202999
What are the prime factors of 283086?
2, 3, 15727
What are the prime factors of 92734?
2, 199, 233
List the prime factors of 1118631.
3, 372877
What are the prime factors of 14204547?
3, 7, 23, 9803
List the prime factors of 206216.
2, 149, 173
What are the prime factors of 1081546?
2, 540773
List the prime factors of 213326.
2, 106663
List the prime factors of 1513724.
2, 223, 1697
What are the prime factors of 341631?
3, 12653
What are the prime factors of 428745?
3, 5, 101, 283
What are the prime factors of 922096?
2, 7, 8233
What are the prime factors of 13406?
2, 6703
What are the prime factors of 1621934?
2, 810967
List the prime factors of 2179280.
2, 5, 2724